 - 37. Let r be (-58)/15 - ((-70)/(-75))/7. What is the hundreds digit of y(r)?
1
Let r(p) = 24*p**2 + 4*p - 4. Let n(o) = -o**2 - 11*o + 23. Let i be n(-12). Suppose -20 = -i*z + 2. What is the hundreds digit of r(z)?
1
Let g(u) = 2*u**2 - 4*u + 9. Let p be g(0). What is the hundreds digit of 56539/369 - 2/p?
1
Suppose -36*q + 33*q = -s + 24214, 5*s - 121026 = 4*q. What is the hundreds digit of s?
2
Let p = -328 + 533. What is the tens digit of 45 - 38 - (0 - p)?
1
Suppose -470*n = -457*n - 7878. What is the units digit of n?
6
Let y = 79 - 79. Suppose -2*p + 3*p - 10 = y. What is the tens digit of p/35 + 418/7?
6
Suppose -12410 = -14*x - 2582. Let m = -377 + x. What is the hundreds digit of m?
3
Suppose 3*o + 2620 = 5*y, 0*y = 2*y + 5*o - 1079. Suppose y = 3*b + 5*p, -6*b + 7*b = 2*p + 161. What is the units digit of b?
9
Suppose 2*v = 3*n - 23578, 38*v - 15724 = -2*n + 34*v. What is the thousands digit of n?
7
Let y(r) = -r**3 + 10*r**2 + 5. Let g be y(10). Suppose -3*w + 0*n - 2 = -5*n, 0 = -5*w - g*n + 10. What is the tens digit of -1 + 1 + 140/w?
4
Let c(v) = 14*v**2 + 118*v + 576. What is the thousands digit of c(-41)?
9
Let w(q) = 174*q**2 + 319*q - 1899. What is the units digit of w(6)?
9
Suppose 17*g = 12*g. Suppose 4*p + g*y - 78 = 2*y, -5*p + 97 = -3*y. Let s = 32 + p. What is the tens digit of s?
5
Let t(o) = -22*o**2 - 16*o**2 + 23*o + 5 + 38*o**2 + 2*o**3. What is the tens digit of t(5)?
7
Let i be (30/(-25))/((-2)/5). Suppose -8 - 7 = i*s - 3*l, -4*s - 3*l - 13 = 0. What is the units digit of (-2 - 10/s)*42?
1
Let z(a) = a**3 + a**2 - 3*a + 4. Let q be z(2). Suppose -q*n + 14*n - 424 = 0. What is the hundreds digit of n?
1
Suppose 4*g - d = 13133, 4*d - 1163 = -g + 2099. What is the hundreds digit of g?
2
Let z(q) = -1210*q + 1220. What is the units digit of z(-6)?
0
What is the ten thousands digit of (65 - (-207)/(-9))*1450/3?
2
Let z be (10*6/180)/((-1)/(-3)). What is the hundreds digit of z + 1 - (19 + -646)?
6
Let a(y) = 2*y**2 - 42*y + 27. Let t be a(-18). Suppose -6*s = -9*s + t. What is the tens digit of s?
7
Let t = 146 + -134. Suppose -14260 = -t*f - 8*f. Suppose 3*y = -3*g + 555, 5*g = 4*y - 0*g - f. What is the hundreds digit of y?
1
Let c(x) = -x**3 + 6*x**2 + 6*x - 6. Let o be c(3). Let j = 72 + o. Let i = -55 + j. What is the units digit of i?
6
Let m be (-5)/(-25)*1*-2*5. What is the units digit of 633 - m/(2 + -1)?
5
Let s = 22552 + 12388. What is the thousands digit of s?
4
Let z(p) = 294 + 227 + 3*p**2 - 578 + 66*p. What is the units digit of z(-23)?
2
Suppose 4 = -d, 5*c - 7*d - 20617 = -9*d. What is the hundreds digit of c?
1
Suppose -3*w + 4*o = -6258, -4*w = 4*o - 6*o - 8344. Suppose 4*v = 5*n - w, -v + 2 = v. What is the hundreds digit of n?
4
Suppose -126334 - 218137 = -32*r + 9*r. What is the thousands digit of r?
4
Suppose -2*m - 51124 = -5*c, -6*m + 51139 = 5*c - 3*m. What is the ten thousands digit of c?
1
Suppose 4863 - 153 = -3*p - 3*j, -6248 = 4*p - 4*j. Let u = p - -2802. What is the hundreds digit of u?
2
Suppose 16 = -36*v + 40*v. Suppose 6*u = 4*u + v*a + 4, -a + 4 = 2*u. Suppose -u*i + 5*b + 45 = -i, 0 = -i - 2*b + 45. What is the tens digit of i?
4
Suppose d - 14759 + 41011 = 4*i, -3*i + 2*d + 19684 = 0. What is the thousands digit of i?
6
Suppose -598 = 18*g + 1058. Let d = 99 + g. Suppose -d*r + 13*r - 1548 = 0. What is the hundreds digit of r?
2
Let x be ((-84)/16 - -4)*-4. Suppose -3*u + 19 = -x*u + 5*a, 5*a = u + 22. Suppose 0 = 3*l - 4*d - 274, -l = u*l + 5*d - 355. What is the units digit of l?
0
What is the units digit of (-113780)/(-30) + 9 - 10/6?
0
Let v be (0 - 3 - -2)*-3. Let g = 2281 - 1777. Suppose -4*i + 409 + 102 = 3*w, g = 3*w - v*i. What is the tens digit of w?
6
Let b(f) = -105*f - 159. Let p(o) = 106*o + 158. Let m(k) = 5*b(k) + 4*p(k). What is the units digit of m(-7)?
4
Suppose 25*a - 10 = 26*a. Let l(o) = o**2 - 2. Let d be l(-11). Let m = a + d. What is the units digit of m?
9
Suppose -2*k = k + 2*b - 15, 0 = 4*k - 4*b - 20. Suppose 4*d + 38 = 5*m + 331, k*d - 355 = -5*m. What is the tens digit of d?
7
Let h = -40 + 2. Let y = h + 43. Suppose 0 = -p + y*i + 64, -i = 2*i + 9. What is the tens digit of p?
4
Suppose -42*o - 459526 + 2886826 = 93*o. What is the hundreds digit of o?
9
Let c(i) = -623*i - 8 + 624*i + 61. Suppose 2*s = 3*s - 2*g + 22, -5*s = 4*g + 68. What is the tens digit of c(s)?
3
Let i(w) = 7*w**2 + w + 4. Let f be i(11). Suppose 5*r - f = -137. Suppose -175 = -5*t + 5*z, 2*z + r + 24 = 5*t. What is the tens digit of t?
3
Suppose 0 = k - 2*k + 4. Suppose 0 = -k*p + 7*p - 576. Suppose -2*o = 4*d - 0*d - 262, 0 = 3*d - 3*o - p. What is the tens digit of d?
6
Let o = -376 - -384. Suppose 8*d + o*d = 13312. What is the units digit of d?
2
Let z(v) = 89*v + 604. What is the thousands digit of z(100)?
9
What is the tens digit of 14 - (-25117 - (-240)/(-15))?
4
Let v = 21 - 17. Suppose 6 = -2*a + 3*z - 6, 0 = -2*a + z - v. Suppose -4*k = -2*b + 190, k = -b - a*b + 83. What is the units digit of b?
7
Let q be ((-20)/16 + -1)*-28. Suppose -5*y + q + 17 = 0. What is the units digit of (71/(-4))/((-4)/y)?
1
What is the hundreds digit of (-29255)/(-3) + 4 + ((-168)/9)/4?
7
Let u(n) = -n**3 - 11*n**2 + 22*n + 55. Let c(t) = -3*t**3 - 32*t**2 + 67*t + 168. Let k(m) = 2*c(m) - 7*u(m). What is the hundreds digit of k(-12)?
3
Suppose 15 = 7*w - 83. Suppose -w = 4*b - 26. Suppose -b*s = -2*s - 152. What is the units digit of s?
2
Let q = 14 + 20. Suppose 35*i = q*i + 437. What is the tens digit of i?
3
What is the tens digit of 38008/6 + 900/(-540)?
3
Let i(n) = 16*n - 59. Let a be i(4). Suppose a*t + 1716 = 9*t. What is the units digit of t?
9
Let h(k) = 40*k**2 + 123*k + 1480. What is the tens digit of h(-16)?
5
Let w(p) = p**3 - 21*p**2 + 25*p - 86. Let z be w(20). Suppose -z*d - 770 = -5600. What is the units digit of d?
5
Suppose -4*c - 3*a + 22 = -a, -5*a = -4*c + 29. What is the thousands digit of ((-2518)/(-3))/(c + (-48)/9)?
1
Suppose -3*f = -8*n - 33027, 3*f = -4*n - 0*n + 32991. What is the hundreds digit of f?
0
Let s(t) = 6*t**2 + 2*t - 101. Let j(v) = 11*v**3 + 3*v**2 + 3*v + 1. Let a be j(-1). What is the tens digit of s(a)?
7
Suppose 2*q + 30*q - 431860 = 12*q. What is the units digit of q?
3
Suppose 4*s - 24 = 4*i, -3*s + 0 = -2*i - 14. Suppose -2*p = s*p - p. Suppose 7*c = -p*c + 399. What is the tens digit of c?
5
What is the hundreds digit of (-3661)/(-147) + -25 - ((-554824)/21)/2?
2
Suppose t = -5*b + 3549, -5282 - 8939 = -4*t + 5*b. What is the thousands digit of t?
3
Let s = -7820 - -10950. What is the tens digit of s?
3
Let i = 1262 + -1259. Let c(n) = -n**3 - 5*n**2 - 4*n + 4. Let s be c(-4). Suppose p = -i*b + 24, -s*b = -p + 24 - 0. What is the units digit of p?
4
What is the thousands digit of -21 - (-10629 - 78/6)?
0
Let x(m) = m**3 - 17*m**2 + 16*m + 30. Let h be x(16). Suppose -4*w + h = 2*i, -4*w + 24 = 4*i - 8. Suppose 0 = w*n + 56 - 553. What is the units digit of n?
1
Suppose -9*j = 20 + 34. What is the tens digit of (224 + -6)*-7*3/j?
6
Let w(g) = -3*g + 4. Suppose -4*b + 32 + 20 = 0. Let z be w(b). Let y = z - -157. What is the units digit of y?
2
Suppose 4*q = 5*w - 1933, -5*w + 2*w - 4*q = -1179. Let k = 224 + w. What is the hundreds digit of k?
6
What is the units digit of (15*(-10)/(-50))/(4/((-66392)/(-3)))?
8
Let d(v) = 13*v - 105. Let r be d(9). Suppose -2*o = 4*y - 650, 0 = 4*o - 0*o - r. What is the units digit of y?
1
Let d = -1 + 1. Suppose d = -h + 2*v + v - 5, 0 = -v. What is the units digit of ((-16)/h)/(6/75)?
0
Suppose -2*t + 26 = -4*t. Let o = -6 - t. Suppose o*s = 817 - 306. What is the tens digit of s?
7
Suppose -3*y - 100781 = -4*z, -2*y - 12755 - 12439 = -z. What is the hundreds digit of z?
1
Let z = 118 - 68. Suppose -5*i = 3*q - z, -5*q = 3*i + 4 - 82. Suppose 0 = 10*r - q*r + 70. What is the tens digit of r?
1
Let d = -6024 + 17495. What is the tens digit of d?
7
Let y = -34 + 41. Let m(r) = 4*r**2 - 31*r - 28. Let i(p) = -p**2 + 10*p + 9. Let q(g) = y*i(g) + 2*m(g). What is the units digit of q(-12)?
5
Suppose -20*l - 6*l - 13 = -13*l. Suppose 0 = 5*i - 16 - 4. What is the tens digit of i + l + 199 - -4?
0
Suppose -m + h = -6512, m - 6540 = 70*h - 65*h. What is the hundreds digit of m?
5
Let m be (-135)